 be (6/(-4))/(1/(-2)). Let b(w) = -4*w + m*w + 0*w**2 - w**2 + 4. What is b(d)?
4
Let s(m) = -m - 9. Let g(z) be the first derivative of 4*z**3/3 - z**2 + z - 3. Let c be g(1). Let i be -5 + c/(5 - 2). Give s(i).
-5
Suppose 2*m - 2 = m. Let z(n) be the first derivative of -n + 2 + 0 - n - n**2. Determine z(m).
-6
Suppose -5*f + 6 = 2*y + 13, -1 = 2*y + 3*f. Let d = 10 + -8. Let k(o) = 2*o**d + 0*o**3 + 0*o**3 - 1 + 6*o - o**3. Give k(y).
-9
Suppose 9 = 5*h + 39. Let j(s) = -s**2 - 9*s - 4. Calculate j(h).
14
Let t(y) = -y - 3. Let k be 0 + 8 + 1 + 0. Suppose 4*q - q - k = 0. Calculate t(q).
-6
Let m(g) = -2*g + 1. Let p = -12 + 17. Suppose -p*o + 3 = -7. What is m(o)?
-3
Suppose p + 4*k - 18 = -0, 3*p - 24 = -2*k. Let i(w) = -p*w**2 + 3*w**2 - 1 + w**2 + 2 - w. What is i(-2)?
-5
Let a be (-1 - -6)*(-6)/(-15). Let q be 3 + (-2 - (-1 - 0)). Let j(s) = -s - s**3 + 4*s**2 + 0*s + s**q - 3*s**2 + 2. Give j(a).
0
Suppose 3*n = -n - 8. Let b(l) = -1 - 4*l - 1 - l. Determine b(n).
8
Let f(p) = -p**2 - p - 1. Let i = 6 - 2. Let z = i - 4. Give f(z).
-1
Let d(x) be the third derivative of 0*x + 0 - 5*x**2 + 2/3*x**3 - 1/12*x**4. Suppose 0 = -3*w + 8*w - 15. What is d(w)?
-2
Let s(v) = v**2 - 5*v. Let w be s(4). Let r = w - 0. Let c(l) = l**3 + l - 1. Let u(a) = -5*a**3 - 5*a**2 - 10*a - 1. Let x(o) = 4*c(o) + u(o). Calculate x(r).
3
Suppose 6 = -3*g + 18. Let b(v) be the second derivative of v**3/6 - v**2 - v. What is b(g)?
2
Let n(b) be the third derivative of -b**6/120 - b**5/60 + b**4/24 + 7*b**3/6 + 45*b**2 - b. What is n(0)?
7
Let f(c) = -4*c + 2. Let u(w) = w**2 + 2*w. Let m be u(-2). Suppose m*a + 3*t + 9 = 2*a, 2*t = -3*a + 7. Give f(a).
-10
Let s be 0 + 1 + -5 + -2. Let p(d) = d + 8. Give p(s).
2
Let r(h) be the first derivative of 3*h**2/2 + 5*h + 48. Give r(-3).
-4
Let a(f) = f**3 - 11*f**2 + 11*f - 14. Let i be a(10). Let u(q) = q - 2. Let w(b) = -b + 1. Suppose 4*k + 3 = -5. Let o(v) = k*u(v) - 4*w(v). Give o(i).
-8
Let o(b) = -b + 2*b - 1 - 3*b - 2*b. Calculate o(-2).
7
Let c(w) be the third derivative of -w**5/60 - w**4/3 - w**3 - 5*w**2. Let k(b) = b + 5. Let l be k(-11). Give c(l).
6
Let s(h) = -2*h - 2*h - 2 + 4 + 2*h**2. Suppose d = 3*d + 4. Let i be 1 - (2 + (d - 2)). Give s(i).
8
Let n(k) be the second derivative of -k**7/2520 - k**6/120 - k**5/30 + k**4/6 - 2*k. Let q(t) be the third derivative of n(t). Calculate q(-5).
1
Let w = 49 - 35. Let z = w + -15. Let m(f) be the first derivative of -9*f**2/2 + f - 1. What is m(z)?
10
Let q(h) = -h. Let f be (-2 - -3)*-3 - -8. Suppose 10 + 15 = -f*w. Give q(w).
5
Let t be -2 - (-1 + -1)*1. Let h(s) be the first derivative of 2 + 0*s**2 + t*s - 1/3*s**3 + 5/4*s**4. What is h(1)?
4
Let u(w) be the first derivative of 0*w**2 - 3 + 1/3*w**3 + 2*w. Calculate u(-3).
11
Suppose -29 + 25 = k. Let r(o) = -2*o - 6. Give r(k).
2
Let s(w) = 4*w**3 - 2*w**2 + 4*w - 4. Let i(u) = -u**3 + u**2 - u. Let l(x) = 5*i(x) + s(x). Determine l(4).
-24
Let k(m) = -2*m**3 - 26*m + 3 + 2*m**2 + 3*m**3 + 25*m. What is k(-3)?
-3
Let h(l) = -l**2 - 5*l + 4. Suppose 6*s - 3*s + 45 = 0. Let k = s - -11. Calculate h(k).
8
Let t(f) be the first derivative of -f**3/3 + f**2 - 4*f + 11. Give t(3).
-7
Let w(a) = 2*a + 5. Let d(u) = u - 2. Let x = -2 + -2. Let s be d(x). Determine w(s).
-7
Let s(f) = 3*f**2 + 13*f + 14. Let p(t) = t**2 + 7*t + 7. Let r(h) = -5*p(h) + 2*s(h). Determine r(10).
3
Let o(s) = s + 1. Let b(k) = k**3 + 3*k**2 + 5. Let c(f) = b(f) - o(f). Determine c(-3).
7
Let p(m) = 15*m + 5. Let f(k) = 30*k + 9. Let v(r) = 6*f(r) - 11*p(r). Let z(h) = -h**3 + 7*h**2 - 7*h + 7. Let n be z(6). Calculate v(n).
14
Let c be 1/(-2)*(-4 + 4). Suppose -5*w = -c - 10. Let k(d) = -3*d - d**3 + 25*d**2 + 4*d - 24*d**w - 1. Determine k(1).
0
Let x(f) = f**3 - 3*f**2 + 1. Let c(b) = 2*b**3 - 5*b**2 + 0*b**3 + 1 - 3*b**3 + 1. Let m be c(-5). What is x(m)?
-3
Suppose 0 = -3*m + 12, -3*s + 5*m = 10 - 2. Let u(g) = s*g + 3 + g**2 + g**3 - 4*g. What is u(0)?
3
Let n(r) be the first derivative of -2*r**3/3 + 2*r**2 - 5*r + 12. Determine n(4).
-21
Suppose -d + 3 - 4 = 0, -2*d = 5*s + 17. Let u(z) = -z**3 - 4*z**2 - 2*z - 3. Give u(s).
-6
Suppose 3*s = -3*f + 15, -4*s + 2 = -3*f - 2*f. Suppose -t + f = -1. Let k(c) = -3*c + 1 + c + t + c**2 - c. Give k(3).
4
Let c(y) = y**2 - 6*y + 3. Let j be c(5). Let n = 0 + j. Let h(o) = -2*o - 5*o**3 - o**2 + 4*o**3 - o**2 - o. Determine h(n).
6
Let g(x) be the first derivative of -x**3/3 - x**2/2 + 2*x + 6. What is g(2)?
-4
Suppose 5*x - 35 = -5. Let l(u) = 8*u**3 + 32*u**2 - 26*u - 24. Let i(v) = -3*v**3 - 11*v**2 + 9*v + 8. Let c(y) = -11*i(y) - 4*l(y). Give c(x).
2
Let w be (-2)/(-240) - (9 - 9). Let g(i) be the third derivative of 0*i - 1/20*i**5 + 0 - 1/3*i**3 - w*i**6 - 3*i**2 - 1/8*i**4. Determine g(-3).
7
Let c(l) be the second derivative of -l**4/12 - 7*l**3/6 + 5*l**2/2 + 3*l. Let i be c(-7). Let j(a) = a + 0*a + 6 - 2*a. Calculate j(i).
1
Let w(a) = 4*a**3 - 8*a**2 + 10*a - 6. Let h(b) = 3*b**3 - 9*b**2 + 10*b - 5. Let d(v) = -3*h(v) + 2*w(v). Calculate d(10).
3
Let d = 76 - 68. Let o(t) = t**2 - 10*t + 12. What is o(d)?
-4
Let a be (-3)/(4 + -7 - 1). Let s(h) be the first derivative of -1/3*h**3 - h + a*h**4 - 3 + h**2. What is s(1)?
3
Let r be (-1)/(-1) + -7 + 4. Suppose 5*u = -5*k + 20, -1 - 2 = -2*k - u. Let g = k - r. Let n(f) = -f**2 + f - 1. Calculate n(g).
-1
Suppose -5*b - 3 = w, -12 = -0*b - 3*b + 4*w. Let u(l) = -l**3 - l**2 - l + 2. Let a be u(b). Let z(c) = 2*c**2 - 3*c + 1. Give z(a).
3
Let m(b) = -b - 7. Let v be m(-3). Let w(t) = -t + 1. Give w(v).
5
Let q(k) = -2*k - 6. Let b be q(-5). Let p(a) = a**3 - 4*a**2 - 5. What is p(b)?
-5
Let q(t) = -5*t**2 - 5*t - 1. Let a(m) = -2 - 6*m**2 + 0*m - 5*m - m. Suppose -5*z + 3*u = -3 - 25, 10 = z - 5*u. Let h(w) = z*q(w) - 4*a(w). Give h(3).
-9
Let d(u) = -u - 5. Let p = -59 + 55. What is d(p)?
-1
Let z(h) = 6*h**2 + h. Let v(m) = m**2 + 2*m + 1. Let b be v(-3). Suppose -5 = g, -b*n + 9 = -3*g + 2*g. Determine z(n).
7
Let s(p) = -p**2 - p + 3. Let o be 1 + (-1 - -1) - -10. Let h = 8 - o. Calculate s(h).
-3
Let d(m) be the first derivative of m**4/4 - m**3 - m**2/2 + 6. Give d(3).
-3
Suppose -5*a - n = -2, -2*a - 5*n + 5 = -6*n. Let q(y) be the first derivative of y**4/12 - y**2 - 1. Let l(d) be the second derivative of q(d). Give l(a).
2
Let s(l) = 3*l - 11. Let u(m) = 4*m - 12. Let v(h) = -6*s(h) + 5*u(h). Calculate v(-4).
-2
Let w(y) = 6*y**3 - 1. Let t(r) = r + 19. Let f be t(-18). Calculate w(f).
5
Let k(g) be the first derivative of g**2/2 + 18. Determine k(-1).
-1
Let k(g) = g**2 + g. Let n(v) = -5*v**2 - 12*v - 3. Let w(s) = -6*k(s) - n(s). What is w(5)?
8
Let s(r) = -r**3 + 4*r**2 + 5*r + 2. Let m be s(5). Let z(t) = -4*t**3 + t + 3*t**3 + 0 + m*t**2 + 2. What is z(2)?
4
Let r(g) = -2*g + 12. Let v be r(5). Let y(z) = z**2 + 1 + z + 0 - 3*z**3 + 2*z**3. Determine y(v).
-1
Let x be (21/9)/7*-3. Let g(u) = 1 + 3 + u - 1 - 2. Give g(x).
0
Let s(x) be the first derivative of -3*x**2 + 1. Suppose 2*o + 29 = 5*n, -2*n - 2*n + 18 = o. Calculate s(o).
12
Let h(t) = -t**2 - 7*t + 4. Let j be h(-7). Suppose 4*s + 0*s - a + 44 = 0, 0 = j*s + 4*a + 44. Let d = s - -15. Let r(q) = -q**2 + 3*q + 2. What is r(d)?
-2
Let w(r) be the third derivative of -r**4/12 + 4*r**3/3 + r**2. Suppose -12 = 82*z - 84*z. Calculate w(z).
-4
Suppose 27 = -11*s - 39. Let g(a) = a - 1. Let l(m) = 4*m - 11. Let c(u) = -5*g(u) + l(u). What is c(s)?
0
Let u(i) = i**2 - 7. Let h = -11 - -11. Calculate u(h).
-7
Suppose 0 = r + r. Let x(a) = -4*a**2 + 2*a - 6. Let t(y) = -y + y + 7*y - 9*y**2 - 2*y - 13. Let l(u) = -3*t(u) + 7*x(u). Give l(r).
-3
Suppose 1 = -3*j + 7. Let z(m) = 0 - 2 - 3 - 5*m + 1 + j*m**2. What is z(4)?
8
Let h be 30/4*24/18. Let d(i) = h*i - 4 + 3 - 3*i + 2. Give d(-1).
-6
Let r = -6 + 12. Suppose 5*p + 1 = r*p. Let i(k) = -3 + k**3 + p - 2*k + 0*k**2 + 4*k**2. Determine i(-4).
6
Let p(x) be the second derivative of x**2 + 2*x + 0 + 1/6*x**3. Give p(-4).
-2
Let z(b) = b**3 - 21*b**2 + 2*b + 40*b**2 - 23*b**2 - 2. Let u be (-14)/(-6) - 4/(-6). What is z(u)?
-5
Let j(s) = -s**2 + 11*s**3 - 2 + 2. Suppose -3 = 3*b - 5*z - 11, -5*z = 5. Calculate j(b).
10
Let a(q) = q - 6. Let b be (-72)/(-32)*(-24)/(-9). Give a(b).
0
Let a(m) = m**3 - 3*m*